 6.
5
Calculate the remainder when 1739718 is divided by 1226.
24
Calculate the remainder when 5241243 is divided by 873540.
3
What is the remainder when 44221 is divided by 43447?
774
What is the remainder when 514009010 is divided by 69?
65
Calculate the remainder when 8838433 is divided by 123.
22
What is the remainder when 440790 is divided by 16310?
420
Calculate the remainder when 4682709 is divided by 1130.
1119
What is the remainder when 1000635485 is divided by 134?
133
What is the remainder when 193265 is divided by 1758?
1643
Calculate the remainder when 17506 is divided by 7722.
2062
What is the remainder when 608841 is divided by 66?
57
Calculate the remainder when 70617857 is divided by 46.
37
What is the remainder when 952404 is divided by 193?
142
Calculate the remainder when 5907358 is divided by 1502.
1494
What is the remainder when 1600362 is divided by 87?
84
Calculate the remainder when 2081188 is divided by 31533.
10
Calculate the remainder when 15190108 is divided by 9.
7
Calculate the remainder when 3442981 is divided by 1270.
11
What is the remainder when 32750788 is divided by 2149?
28
What is the remainder when 788749 is divided by 197127?
241
What is the remainder when 3445780 is divided by 4323?
349
Calculate the remainder when 490620 is divided by 243591.
3438
Calculate the remainder when 26171 is divided by 1913.
1302
What is the remainder when 3373496 is divided by 173?
169
Calculate the remainder when 441864 is divided by 3158.
2902
Calculate the remainder when 4942187 is divided by 988437.
2
Calculate the remainder when 37340432 is divided by 9335103.
20
What is the remainder when 2455945 is divided by 16?
9
Calculate the remainder when 5679381 is divided by 60.
21
Calculate the remainder when 3383403 is divided by 3380.
23
Calculate the remainder when 416138 is divided by 612.
590
What is the remainder when 116876 is divided by 2652?
188
What is the remainder when 25342056 is divided by 139?
132
What is the remainder when 107607 is divided by 733?
589
What is the remainder when 31143 is divided by 6791?
3979
Calculate the remainder when 1854163 is divided by 309008.
115
What is the remainder when 1926774 is divided by 160564?
6
What is the remainder when 136152 is divided by 4248?
216
What is the remainder when 16348026 is divided by 26?
6
Calculate the remainder when 179838 is divided by 646.
250
What is the remainder when 7835905 is divided by 244872?
1
What is the remainder when 1107871 is divided by 63?
16
What is the remainder when 158562442 is divided by 9327202?
8
Calculate the remainder when 3749458 is divided by 1874701.
56
What is the remainder when 160706 is divided by 80285?
136
Calculate the remainder when 45648844 is divided by 4771.
4687
What is the remainder when 16886190 is divided by 18?
12
Calculate the remainder when 714161 is divided by 2295.
416
What is the remainder when 36374016 is divided by 48?
0
What is the remainder when 32957 is divided by 267?
116
Calculate the remainder when 294599009 is divided by 20.
9
Calculate the remainder when 97125 is divided by 48324.
477
What is the remainder when 131564 is divided by 261?
20
What is the remainder when 12240 is divided by 5827?
586
What is the remainder when 4220052 is divided by 3?
0
What is the remainder when 1292553 is divided by 184618?
227
What is the remainder when 241559 is divided by 60258?
527
Calculate the remainder when 245756 is divided by 40957.
14
What is the remainder when 223038 is divided by 1540?
1278
What is the remainder when 157683959 is divided by 1029?
1028
Calculate the remainder when 3592766 is divided by 647.
622
What is the remainder when 831439 is divided by 566?
551
What is the remainder when 21730742 is divided by 233?
230
What is the remainder when 824046 is divided by 274681?
3
What is the remainder when 44588 is divided by 1016?
900
Calculate the remainder when 1008424 is divided by 788.
572
What is the remainder when 274328 is divided by 445?
208
Calculate the remainder when 11384909 is divided by 146.
121
Calculate the remainder when 267993 is divided by 2223.
1233
What is the remainder when 236886 is divided by 126?
6
What is the remainder when 8874579 is divided by 285?
249
Calculate the remainder when 995355 is divided by 142136.
403
Calculate the remainder when 555252 is divided by 10281.
78
Calculate the remainder when 77309506 is divided by 1465.
1456
Calculate the remainder when 6652159 is divided by 1330429.
14
What is the remainder when 42130 is divided by 42115?
15
Calculate the remainder when 47255083 is divided by 91226.
15
What is the remainder when 384738 is divided by 11656?
90
What is the remainder when 2159749 is divided by 25?
24
Calculate the remainder when 55275821 is divided by 55275800.
21
What is the remainder when 267818 is divided by 392?
82
Calculate the remainder when 738596 is divided by 3646.
2104
Calculate the remainder when 73422881 is divided by 2572.
2569
Calculate the remainder when 614052 is divided by 6075.
477
Calculate the remainder when 785745 is divided by 196433.
13
What is the remainder when 153823255 is divided by 3944186?
1
Calculate the remainder when 644146 is divided by 777.
13
What is the remainder when 11507880 is divided by 26?
20
What is the remainder when 4564060 is divided by 570503?
36
What is the remainder when 947882 is divided by 841?
75
What is the remainder when 2704678 is divided by 17?
12
What is the remainder when 381644 is divided by 1631?
1621
What is the remainder when 1653287 is divided by 156?
155
Calculate the remainder when 16513300 is divided by 67.
11
Calculate the remainder when 507986 is divided by 2309.
6
Calculate the remainder when 5393849 is divided by 1797937.
38
What is the remainder when 27439 is divided by 175?
139
What is the remainder when 66995 is divided by 6215?
4845
What is the remainder when 2188837 is divided by 3874?
27
Calculate the remainder when 63996 is divided by 2204.
80
Calculate the remainder when 1567026 is divided by 781.
340
What is the remainder when 7364 is divided by 59?
48
Calculate the remainder when 41381 is divided by 13603.
572
What is the remainder when 657695 is divided by 657695?
0
What is the remainder when 202185 is divided by 304?
25
Calculate the remainder when 21573220 is divided by 23247.
4
What is the remainder when 32481333 is divided by 422?
415
Calculate the remainder when 730169 is divided by 606.
545
Calculate the remainder when 245852987 is divided by 606.
605
What is the remainder when 7757933 is divided by 67?
3
What is the remainder when 7466665 is divided by 12403?
59
Calculate the remainder when 224587 is divided by 476.
391
Calculate the remainder when 2557296 is divided by 32.
16
Calculate the remainder when 660423 is divided by 836.
819
Calculate the remainder when 42450437 is divided by 1516087.
1
What is the remainder when 2714447734 is divided by 132?
130
What is the remainder when 151834038 is divided by 18984?
6
Calculate the remainder when 18813146 is divided by 9.
5
Calculate the remainder when 704447756 is divided by 15261.
15257
Calculate the remainder when 36341726 is divided by 1345989.
23
What is the remainder when 5868241 is divided by 12757?
21
What is the remainder when 4313675 is divided by 308119?
9
What is the remainder when 874223 is divided by 2001?
1787
What is the remainder when 315250 is divided by 75974?
11354
What is the remainder when 343871 is divided by 66?
11
Calculate the remainder when 979418055 is divided by 859.
858
Calculate the remainder when 54147016 is divided by 186.
184
Calculate the remainder when 7424038 is divided by 12.
10
What is the remainder when 1647769 is divided by 823880?
9
What is the remainder when 6827 is divided by 6268?
559
What is the remainder when 483852892 is divided by 16?
12
What is the remainder when 51733290 is divided by 5300?
5290
Calculate the remainder when 3562560 is divided by 1187519.
3
Calculate the remainder when 15666209 is divided by 945.
944
What is the remainder when 1546491 is divided by 7062?
6975
What is the remainder when 121052 is divided by 584?
164
What is the remainder when 285722 is divided by 821?
14
What is the remainder when 332662 is divided by 30225?
187
What is the remainder wh